{"id":2822,"date":"2017-05-09T11:04:59","date_gmt":"2017-05-09T09:04:59","guid":{"rendered":"http:\/\/projektymiastostrada.pl\/mafsoft\/?page_id=2822"},"modified":"2020-04-06T09:29:36","modified_gmt":"2020-04-06T07:29:36","slug":"gastronomia-i-hotele","status":"publish","type":"page","link":"http:\/\/mafsoft.pl\/index.php\/oferta\/gastronomia-i-hotele\/","title":{"rendered":"Gastronomia i Hotele"},"content":{"rendered":"<div id=\"pl-2822\"  class=\"panel-layout\" ><div id=\"pg-2822-0\"  class=\"panel-grid panel-has-style\" ><div class=\"panel-row-style panel-row-style-for-2822-0\" ><div id=\"pgc-2822-0-0\"  class=\"panel-grid-cell\" ><div id=\"panel-2822-0-0-0\" class=\"so-panel widget widget_sow-image panel-first-child\" data-index=\"0\" ><div\n\t\t\t\n\t\t\tclass=\"so-widget-sow-image so-widget-sow-image-default-dbf295114b96-2822\"\n\t\t\t\n\t\t>\n\n<div class=\"sow-image-container\">\n\t\t<img loading=\"lazy\" decoding=\"async\" src=\"http:\/\/mafsoft.pl\/wp-content\/uploads\/2020\/04\/logo.png\" width=\"171\" height=\"61\" sizes=\"(max-width: 171px) 100vw, 171px\" alt=\"\" \t\tclass=\"so-widget-image\"\/>\n\t<\/div>\n\n<\/div><\/div><div id=\"panel-2822-0-0-1\" class=\"so-panel widget widget_sow-editor panel-last-child\" data-index=\"1\" ><div class=\"panel-widget-style panel-widget-style-for-2822-0-0-1\" ><div\n\t\t\t\n\t\t\tclass=\"so-widget-sow-editor so-widget-sow-editor-base\"\n\t\t\t\n\t\t>\n<div class=\"siteorigin-widget-tinymce textwidget\">\n\t<h4 style=\"text-align: justify;\"><span style=\"color: #008ad2;\">Flow POS + BackOffice<\/span><\/h4>\n<p style=\"text-align: justify;\"><strong>Program Flow POS stanowi samodzielny program sprzeda\u017cy kelnerskiej i barma\u0144skiej na ekranach dotykowych.<\/strong> Powsta\u0142 w celu wyeliminowania ogranicze\u0144 funkcjonalnych, jakie stwarza\u0142o pos\u0142ugiwanie si\u0119 na stanowisku kelnerskim\/barma\u0144skim kas\u0105 fiskaln\u0105.<\/p>\n<p><strong>Aplikacja sprzeda\u017cowa jest wa\u017cnym elementem w procesie sprawnego gospodarowania, kontroli, obs\u0142ugi i rozlicze\u0144 w gastronomii.<br \/>\n<\/strong>FLOW mo\u017cna skonfigurowa\u0107 do sprzeda\u017cy restauracyjnej, barowej lub sklepowej, w ramach jednej instalacji na terminalach dotykowych POS oraz\u00a0tabletach i smartphonach z systemem Android.<\/p>\n<p style=\"text-align: justify;\"><b>Program BackOffcie prowadzi gospodark\u0119 magazynow\u0105 firmy w\u00a0oparciu o\u00a0dokumenty magazynowe oraz\u00a0sprzeda\u017c zrealizowan\u0105 na\u00a0stanowiskach kelnerskich.<\/b><br \/>\nBakcOffice umo\u017cliwia tak\u017ce zarz\u0105dzenia\u00a0produktami\u00a0sprzeda\u017cy, surowcami\u00a0oraz u\u017cytkowaniami. Jedn\u0105 z wa\u017cniejszych funkcji jest mo\u017cliwo\u015b\u0107 szybkiego generowania raport\u00f3w sprzeda\u017cowych i magazynowych, co pozwala nam na sprawn\u0105 kontrol\u0119 obiektu.<\/p>\n<\/div>\n<\/div><\/div><\/div><\/div><div id=\"pgc-2822-0-1\"  class=\"panel-grid-cell panel-grid-cell-empty\" ><\/div><div id=\"pgc-2822-0-2\"  class=\"panel-grid-cell\" ><div id=\"panel-2822-0-2-0\" class=\"so-panel widget widget_sow-image panel-first-child\" data-index=\"2\" ><div\n\t\t\t\n\t\t\tclass=\"so-widget-sow-image so-widget-sow-image-default-dbf295114b96-2822\"\n\t\t\t\n\t\t>\n\n<div class=\"sow-image-container\">\n\t\t<img loading=\"lazy\" decoding=\"async\" src=\"http:\/\/mafsoft.pl\/wp-content\/uploads\/2020\/04\/logo_1280.jpg\" width=\"1280\" height=\"483\" srcset=\"http:\/\/mafsoft.pl\/wp-content\/uploads\/2020\/04\/logo_1280.jpg 1280w, http:\/\/mafsoft.pl\/wp-content\/uploads\/2020\/04\/logo_1280-300x113.jpg 300w, http:\/\/mafsoft.pl\/wp-content\/uploads\/2020\/04\/logo_1280-768x290.jpg 768w, http:\/\/mafsoft.pl\/wp-content\/uploads\/2020\/04\/logo_1280-1024x386.jpg 1024w, http:\/\/mafsoft.pl\/wp-content\/uploads\/2020\/04\/logo_1280-555x209.jpg 555w\" sizes=\"(max-width: 1280px) 100vw, 1280px\" alt=\"\" \t\tclass=\"so-widget-image\"\/>\n\t<\/div>\n\n<\/div><\/div><div id=\"panel-2822-0-2-1\" class=\"so-panel widget widget_sow-editor panel-last-child\" data-index=\"3\" ><div class=\"panel-widget-style panel-widget-style-for-2822-0-2-1\" ><div\n\t\t\t\n\t\t\tclass=\"so-widget-sow-editor so-widget-sow-editor-base\"\n\t\t\t\n\t\t>\n<div class=\"siteorigin-widget-tinymce textwidget\">\n\t<h4 style=\"text-align: justify;\"><span style=\"color: #008ad2;\">Mhotel\u00a0<\/span><\/h4>\n<p style=\"text-align: justify;\"><strong>System hotelowy Mhotel dzi\u0119ki swojej niezawodno\u015bci, uniwersalno\u015bci i modu\u0142owo\u015bci, znajduje szerokie zastosowanie w hotelach, pensjonatach, o\u015brodkach wypoczynkowych i sanatoriach. System z powodzeniem mo\u017ce by\u0107 stosowany zar\u00f3wno w ma\u0142ych, jak i du\u017cych obiektach. Pomimo \u017ce program zawiera bogaty pakiet funkcji charakteryzuje si\u0119 \u0142atwo\u015bci\u0105 obs\u0142ugi.<\/strong><\/p>\n<p>Przy wdra\u017caniu oprogramowania nie s\u0105 wymagane d\u0142ugie, czasoch\u0142onne i kosztowne szkolenia. Wsp\u00f3\u0142praca pomi\u0119dzy u\u017cytkownikiem i programem realizowana jest za po\u015brednictwem kolorowych ikon, czytelnych przycisk\u00f3w oraz logicznie powi\u0105zanych okien. System mo\u017ce pracowa\u0107 w lokalnej sieci komputerowej i by\u0107 u\u017cytkowany jednocze\u015bnie przez wielu operator\u00f3w: recepcjonist\u00f3w, kadr\u0119 managersk\u0105, ksi\u0119gowo\u015b\u0107, dzia\u0142 marketingu.<\/p>\n<p>Program hotelowy Mhotel wsp\u00f3\u0142pracuje z szerok\u0105 gam\u0105 urz\u0105dze\u0144 i system\u00f3w informatycznych i telekomunikacyjnych, automatyzuj\u0105c i upraszczaj\u0105c codziennie wykonywane zada\u0144. Komunikacja obejmuje mi\u0119dzy innymi\u00a0 drukarki fiskalne, systemy zamk\u00f3w hotelowych oraz systemy gastronomiczne.<\/p>\n<\/div>\n<\/div><\/div><\/div><\/div><\/div><\/div><\/div>","protected":false},"excerpt":{"rendered":"<p>Flow POS + BackOffice Program Flow POS stanowi samodzielny program sprzeda\u017cy kelnerskiej i barma\u0144skiej na ekranach dotykowych. Powsta\u0142 w celu wyeliminowania ogranicze\u0144 funkcjonalnych, jakie stwarza\u0142o pos\u0142ugiwanie si\u0119 na stanowisku kelnerskim\/barma\u0144skim kas\u0105 fiskaln\u0105. Aplikacja sprzeda\u017cowa jest wa\u017cnym elementem w procesie sprawnego gospodarowania, kontroli, obs\u0142ugi i rozlicze\u0144 w gastronomii. FLOW mo\u017cna skonfigurowa\u0107 do sprzeda\u017cy restauracyjnej, barowej lub &hellip;<\/p>\n","protected":false},"author":1,"featured_media":0,"parent":329,"menu_order":0,"comment_status":"closed","ping_status":"closed","template":"template-builder-page.php","meta":{"footnotes":""},"class_list":["post-2822","page","type-page","status-publish","hentry"],"_links":{"self":[{"href":"http:\/\/mafsoft.pl\/index.php\/wp-json\/wp\/v2\/pages\/2822"}],"collection":[{"href":"http:\/\/mafsoft.pl\/index.php\/wp-json\/wp\/v2\/pages"}],"about":[{"href":"http:\/\/mafsoft.pl\/index.php\/wp-json\/wp\/v2\/types\/page"}],"author":[{"embeddable":true,"href":"http:\/\/mafsoft.pl\/index.php\/wp-json\/wp\/v2\/users\/1"}],"replies":[{"embeddable":true,"href":"http:\/\/mafsoft.pl\/index.php\/wp-json\/wp\/v2\/comments?post=2822"}],"version-history":[{"count":53,"href":"http:\/\/mafsoft.pl\/index.php\/wp-json\/wp\/v2\/pages\/2822\/revisions"}],"predecessor-version":[{"id":3145,"href":"http:\/\/mafsoft.pl\/index.php\/wp-json\/wp\/v2\/pages\/2822\/revisions\/3145"}],"up":[{"embeddable":true,"href":"http:\/\/mafsoft.pl\/index.php\/wp-json\/wp\/v2\/pages\/329"}],"wp:attachment":[{"href":"http:\/\/mafsoft.pl\/index.php\/wp-json\/wp\/v2\/media?parent=2822"}],"curies":[{"name":"wp","href":"https:\/\/api.w.org\/{rel}","templated":true}]}}