{"id":2824,"date":"2017-05-09T11:05:13","date_gmt":"2017-05-09T09:05:13","guid":{"rendered":"http:\/\/projektymiastostrada.pl\/mafsoft\/?page_id=2824"},"modified":"2017-05-10T08:19:21","modified_gmt":"2017-05-10T06:19:21","slug":"sprzet-i-urzadzenia-fiskalne","status":"publish","type":"page","link":"http:\/\/mafsoft.pl\/index.php\/oferta\/sprzet-i-urzadzenia-fiskalne\/","title":{"rendered":"Sprz\u0119t i urz\u0105dzenia fiskalne"},"content":{"rendered":"<div id=\"pl-2824\"  class=\"panel-layout\" ><div id=\"pg-2824-0\"  class=\"panel-grid panel-has-style\" ><div class=\"panel-row-style panel-row-style-for-2824-0\" ><div id=\"pgc-2824-0-0\"  class=\"panel-grid-cell\" ><div id=\"panel-2824-0-0-0\" class=\"so-panel widget widget_sow-image panel-first-child\" data-index=\"0\" ><div\n\t\t\t\n\t\t\tclass=\"so-widget-sow-image so-widget-sow-image-default-dbf295114b96-2824\"\n\t\t\t\n\t\t>\n\n<div class=\"sow-image-container\">\n\t\t<img loading=\"lazy\" decoding=\"async\" src=\"http:\/\/mafsoft.pl\/wp-content\/uploads\/2017\/05\/drukarki-kasy-fiskalne.jpg\" width=\"318\" height=\"115\" srcset=\"http:\/\/mafsoft.pl\/wp-content\/uploads\/2017\/05\/drukarki-kasy-fiskalne.jpg 318w, http:\/\/mafsoft.pl\/wp-content\/uploads\/2017\/05\/drukarki-kasy-fiskalne-300x108.jpg 300w\" sizes=\"(max-width: 318px) 100vw, 318px\" alt=\"\" \t\tclass=\"so-widget-image\"\/>\n\t<\/div>\n\n<\/div><\/div><div id=\"panel-2824-0-0-1\" class=\"so-panel widget widget_sow-editor panel-last-child\" data-index=\"1\" ><div class=\"panel-widget-style panel-widget-style-for-2824-0-0-1\" ><div\n\t\t\t\n\t\t\tclass=\"so-widget-sow-editor so-widget-sow-editor-base\"\n\t\t\t\n\t\t>\n<div class=\"siteorigin-widget-tinymce textwidget\">\n\t<h4><span style=\"color: #008ad2;\">Drukarki i kasy fiskalne<\/span><\/h4>\n<p>\u00a0<\/p>\n<p>Oferujemy rozwi\u0105zania informatyczne dla firm. Jeste\u015bmy partnerem najwi\u0119kszych producent\u00f3w urz\u0105dze\u0144 fiskalnych ELZAB, POSNET, NOVITUS tym samym oferujemy kasy fiskalne i drukarki.<\/p>\n<\/div>\n<\/div><\/div><\/div><\/div><div id=\"pgc-2824-0-1\"  class=\"panel-grid-cell\" ><div id=\"panel-2824-0-1-0\" class=\"so-panel widget widget_sow-image panel-first-child\" data-index=\"2\" ><div\n\t\t\t\n\t\t\tclass=\"so-widget-sow-image so-widget-sow-image-default-dbf295114b96-2824\"\n\t\t\t\n\t\t>\n\n<div class=\"sow-image-container\">\n\t\t<img loading=\"lazy\" decoding=\"async\" src=\"http:\/\/mafsoft.pl\/wp-content\/uploads\/2017\/05\/terminale-dotykowe.jpg\" width=\"318\" height=\"115\" srcset=\"http:\/\/mafsoft.pl\/wp-content\/uploads\/2017\/05\/terminale-dotykowe.jpg 318w, http:\/\/mafsoft.pl\/wp-content\/uploads\/2017\/05\/terminale-dotykowe-300x108.jpg 300w\" sizes=\"(max-width: 318px) 100vw, 318px\" alt=\"\" \t\tclass=\"so-widget-image\"\/>\n\t<\/div>\n\n<\/div><\/div><div id=\"panel-2824-0-1-1\" class=\"so-panel widget widget_sow-editor panel-last-child\" data-index=\"3\" ><div class=\"panel-widget-style panel-widget-style-for-2824-0-1-1\" ><div\n\t\t\t\n\t\t\tclass=\"so-widget-sow-editor so-widget-sow-editor-base\"\n\t\t\t\n\t\t>\n<div class=\"siteorigin-widget-tinymce textwidget\">\n\t<h4><span style=\"color: #008ad2;\">Terminale dotykowe<\/span><\/h4>\n<p>\u00a0<\/p>\n<p>W wielu dziedzinach biznesu, zw\u0142aszcza w gastronomii terminale POS odgrywaj\u0105 wa\u017cn\u0105 rol\u0119. Posiadamy w ofercie terminale POS wyposa\u017cone w monitory dotykowe\u00a0 odporne na zalanie, umo\u017cliwiaj\u0105ce prac\u0119 w wysokiej temperaturze, obs\u0142uguj\u0105ce czytniki kart magnetycznych - jednym s\u0142owem posiadaj\u0105ce wszystko, co umo\u017cliwia wygodn\u0105 prac\u0119 w nowoczesnym punkcie handlowym.<\/p>\n<\/div>\n<\/div><\/div><\/div><\/div><div id=\"pgc-2824-0-2\"  class=\"panel-grid-cell\" ><div id=\"panel-2824-0-2-0\" class=\"so-panel widget widget_sow-image panel-first-child\" data-index=\"4\" ><div\n\t\t\t\n\t\t\tclass=\"so-widget-sow-image so-widget-sow-image-default-dbf295114b96-2824\"\n\t\t\t\n\t\t>\n\n<div class=\"sow-image-container\">\n\t\t<img loading=\"lazy\" decoding=\"async\" src=\"http:\/\/mafsoft.pl\/wp-content\/uploads\/2017\/05\/drukarki-paragonowe.jpg\" width=\"318\" height=\"115\" srcset=\"http:\/\/mafsoft.pl\/wp-content\/uploads\/2017\/05\/drukarki-paragonowe.jpg 318w, http:\/\/mafsoft.pl\/wp-content\/uploads\/2017\/05\/drukarki-paragonowe-300x108.jpg 300w\" sizes=\"(max-width: 318px) 100vw, 318px\" alt=\"\" \t\tclass=\"so-widget-image\"\/>\n\t<\/div>\n\n<\/div><\/div><div id=\"panel-2824-0-2-1\" class=\"so-panel widget widget_sow-editor panel-last-child\" data-index=\"5\" ><div class=\"panel-widget-style panel-widget-style-for-2824-0-2-1\" ><div\n\t\t\t\n\t\t\tclass=\"so-widget-sow-editor so-widget-sow-editor-base\"\n\t\t\t\n\t\t>\n<div class=\"siteorigin-widget-tinymce textwidget\">\n\t<h4><span style=\"color: #008ad2;\">Drukarki paragonowe<\/span><\/h4>\n<p>\u00a0<\/p>\n<p>Drukarki paragonowe to urz\u0105dzenia przeznaczone do wydruk\u00f3w niefiskalnych ma\u0142ego formatu.<br \/>Urz\u0105dzenia tego typu instalowane s\u0105 wsz\u0119dzie tam, gdzie licz\u0105 si\u0119 ma\u0142e gabaryty drukarki, jej bezawaryjno\u015b\u0107, funkcjonalno\u015b\u0107 i niskie koszty eksploatacji. Drukarki umo\u017cliwiaj\u0105 generowanie bezpo\u015brednich wydruk\u00f3w tekstowych dzi\u0119ki czemu s\u0105 zdolne do pracy w r\u00f3\u017cnych systemach operacyjnych.<\/p>\n<p>Drukarki paragonowe znajduj\u0105 zastosowanie w: barach, restauracjach, hotelach, magazynach, kantorach, stacjach benzynowych.<\/p>\n<\/div>\n<\/div><\/div><\/div><\/div><div id=\"pgc-2824-0-3\"  class=\"panel-grid-cell\" ><div id=\"panel-2824-0-3-0\" class=\"so-panel widget widget_sow-image panel-first-child\" data-index=\"6\" ><div\n\t\t\t\n\t\t\tclass=\"so-widget-sow-image so-widget-sow-image-default-dbf295114b96-2824\"\n\t\t\t\n\t\t>\n\n<div class=\"sow-image-container\">\n\t\t<img loading=\"lazy\" decoding=\"async\" src=\"http:\/\/mafsoft.pl\/wp-content\/uploads\/2017\/05\/serwery-komputery.jpg\" width=\"318\" height=\"115\" srcset=\"http:\/\/mafsoft.pl\/wp-content\/uploads\/2017\/05\/serwery-komputery.jpg 318w, http:\/\/mafsoft.pl\/wp-content\/uploads\/2017\/05\/serwery-komputery-300x108.jpg 300w\" sizes=\"(max-width: 318px) 100vw, 318px\" alt=\"\" \t\tclass=\"so-widget-image\"\/>\n\t<\/div>\n\n<\/div><\/div><div id=\"panel-2824-0-3-1\" class=\"so-panel widget widget_sow-editor panel-last-child\" data-index=\"7\" ><div class=\"panel-widget-style panel-widget-style-for-2824-0-3-1\" ><div\n\t\t\t\n\t\t\tclass=\"so-widget-sow-editor so-widget-sow-editor-base\"\n\t\t\t\n\t\t>\n<div class=\"siteorigin-widget-tinymce textwidget\">\n\t<h4><span style=\"color: #008ad2;\">Serwery i komputery<\/span><\/h4>\n<p>\u00a0<\/p>\n<p>Oferujemy serwery kt\u00f3re w celu pe\u0142nego wykorzystania mo\u017cliwo\u015bci, jakie daje oprogramowanie serwerowe, powinny by\u0107 przeznaczone do tej roli. Maszyny takie s\u0105 przystosowane do pracy ci\u0105g\u0142ej, wyposa\u017ca si\u0119 je w du\u017ce i szybkie dyski twarde, du\u017c\u0105 ilo\u015b\u0107 pami\u0119ci RAM oraz wydajne procesory serwerowe.<\/p>\n<p>Warto pami\u0119ta\u0107 \u017ce serwer musi by\u0107 maszyn\u0105 niezawodn\u0105, jest tak wa\u017cny w firmie jak serce u cz\u0142owieka.<\/p>\n<\/div>\n<\/div><\/div><\/div><\/div><\/div><\/div><\/div>","protected":false},"excerpt":{"rendered":"<p>Drukarki i kasy fiskalne\u00a0Oferujemy rozwi\u0105zania informatyczne dla firm. Jeste\u015bmy partnerem najwi\u0119kszych producent\u00f3w urz\u0105dze\u0144 fiskalnych ELZAB, POSNET, NOVITUS tym samym oferujemy kasy fiskalne i drukarki. Terminale dotykowe\u00a0W wielu dziedzinach biznesu, zw\u0142aszcza w gastronomii terminale POS odgrywaj\u0105 wa\u017cn\u0105 rol\u0119. Posiadamy w ofercie terminale POS wyposa\u017cone w monitory dotykowe\u00a0 odporne na zalanie, umo\u017cliwiaj\u0105ce prac\u0119 w wysokiej temperaturze, obs\u0142uguj\u0105ce &hellip;<\/p>\n","protected":false},"author":1,"featured_media":0,"parent":329,"menu_order":0,"comment_status":"closed","ping_status":"closed","template":"template-builder-page.php","meta":{"footnotes":""},"class_list":["post-2824","page","type-page","status-publish","hentry"],"_links":{"self":[{"href":"http:\/\/mafsoft.pl\/index.php\/wp-json\/wp\/v2\/pages\/2824"}],"collection":[{"href":"http:\/\/mafsoft.pl\/index.php\/wp-json\/wp\/v2\/pages"}],"about":[{"href":"http:\/\/mafsoft.pl\/index.php\/wp-json\/wp\/v2\/types\/page"}],"author":[{"embeddable":true,"href":"http:\/\/mafsoft.pl\/index.php\/wp-json\/wp\/v2\/users\/1"}],"replies":[{"embeddable":true,"href":"http:\/\/mafsoft.pl\/index.php\/wp-json\/wp\/v2\/comments?post=2824"}],"version-history":[{"count":11,"href":"http:\/\/mafsoft.pl\/index.php\/wp-json\/wp\/v2\/pages\/2824\/revisions"}],"predecessor-version":[{"id":3005,"href":"http:\/\/mafsoft.pl\/index.php\/wp-json\/wp\/v2\/pages\/2824\/revisions\/3005"}],"up":[{"embeddable":true,"href":"http:\/\/mafsoft.pl\/index.php\/wp-json\/wp\/v2\/pages\/329"}],"wp:attachment":[{"href":"http:\/\/mafsoft.pl\/index.php\/wp-json\/wp\/v2\/media?parent=2824"}],"curies":[{"name":"wp","href":"https:\/\/api.w.org\/{rel}","templated":true}]}}